
What is the highest common factor of 336798120 and 48?
24
Calculate the highest common divisor of 1941079919 and 19.
19
Calculate the highest common factor of 32 and 1955592.
8
What is the greatest common factor of 631 and 343958731?
631
What is the highest common factor of 216489568 and 416?
32
Calculate the greatest common factor of 3884 and 30615630.
1942
Calculate the highest common divisor of 21644400 and 306.
102
Calculate the greatest common divisor of 28668948 and 994.
994
Calculate the greatest common divisor of 14553 and 1000923.
1617
Calculate the greatest common factor of 78396 and 3184212.
1668
Calculate the highest common factor of 182669 and 7548.
37
What is the greatest common divisor of 48 and 5346024?
24
What is the greatest common factor of 214571 and 130162?
151
What is the highest common divisor of 105326076 and 12?
12
What is the greatest common factor of 5513 and 420776?
149
Calculate the highest common factor of 525 and 3058225.
25
Calculate the highest common divisor of 784542 and 1419.
33
What is the highest common divisor of 80376400 and 8700?
2900
Calculate the greatest common divisor of 1561336 and 448.
56
What is the highest common factor of 154326951 and 29?
29
Calculate the greatest common factor of 137832 and 1788.
12
Calculate the greatest common factor of 6753063 and 11271.
867
What is the greatest common divisor of 2864 and 1540474?
358
What is the highest common factor of 8576 and 5051136?
128
Calculate the highest common factor of 16966 and 110778.
998
Calculate the highest common factor of 2284214 and 52896.
58
Calculate the highest common factor of 151792 and 4624.
16
What is the greatest common factor of 2802309 and 4920?
123
What is the highest common divisor of 58160 and 69490?
10
What is the highest common factor of 118012945 and 2525?
505
Calculate the greatest common factor of 96 and 212502.
6
Calculate the highest common divisor of 4059 and 10002729.
1353
What is the greatest common divisor of 33728 and 1709588?
2108
Calculate the greatest common divisor of 1245609 and 2385.
9
Calculate the greatest common divisor of 17578164 and 828.
276
What is the highest common factor of 2424 and 51300728?
808
What is the highest common divisor of 350597731 and 9746?
4873
What is the highest common divisor of 3872285 and 2?
1
What is the greatest common divisor of 1209 and 47697561?
93
What is the greatest common divisor of 347656 and 1352?
8
Calculate the highest common factor of 1596 and 374598.
42
What is the greatest common divisor of 3793912 and 4380436?
5284
Calculate the greatest common divisor of 38142804 and 84.
84
Calculate the greatest common factor of 355 and 13671585.
5
Calculate the highest common factor of 75989390 and 47570.
670
Calculate the highest common divisor of 150 and 150372.
6
What is the highest common divisor of 2503 and 189494621?
2503
Calculate the highest common factor of 831 and 72607517.
277
What is the greatest common factor of 1406 and 166165742?
74
Calculate the greatest common factor of 127156 and 729902.
166
Calculate the greatest common divisor of 2326 and 1963244018.
2326
What is the greatest common divisor of 17523 and 8852301?
1593
What is the highest common divisor of 1809081 and 378?
27
What is the highest common divisor of 39 and 2032680?
39
What is the highest common divisor of 10731441 and 3087?
1029
Calculate the greatest common factor of 3526 and 53234.
86
Calculate the highest common divisor of 986910 and 86416.
982
Calculate the highest common divisor of 1506367 and 415.
83
Calculate the greatest common factor of 80300 and 1824416.
3212
Calculate the highest common factor of 1270 and 17902682.
254
Calculate the highest common divisor of 10502 and 201485.
59
What is the greatest common factor of 122337 and 691794?
621
What is the greatest common factor of 11284456 and 2840?
568
What is the highest common factor of 1923625 and 2695?
55
What is the greatest common factor of 3159080 and 620?
20
What is the highest common divisor of 54891265 and 286?
143
Calculate the highest common factor of 3478 and 137346972.
94
Calculate the highest common factor of 97653 and 13201.
43
Calculate the highest common factor of 1760 and 14685154.
22
Calculate the highest common divisor of 20603 and 1327957.
1873
Calculate the greatest common factor of 3124402 and 68701.
2987
What is the highest common factor of 3016036 and 13432?
92
Calculate the greatest common factor of 101447 and 2743878.
229
Calculate the greatest common factor of 3746648733 and 23.
23
What is the greatest common divisor of 100254 and 9250318?
1078
Calculate the highest common divisor of 1215442881 and 27.
27
What is the greatest common divisor of 6545142 and 126?
18
What is the greatest common factor of 1502 and 11184643?
751
What is the greatest common divisor of 303537007 and 5996?
1499
What is the greatest common divisor of 40149 and 42957?
27
What is the greatest common divisor of 27134085 and 165?
165
Calculate the greatest common factor of 13272 and 2587329.
237
What is the highest common factor of 14560 and 4382?
14
Calculate the highest common factor of 47305258 and 26.
26
What is the greatest common divisor of 196875 and 9325?
25
What is the greatest common divisor of 169106 and 12290768?
3598
What is the highest common divisor of 59956306 and 1198?
1198
What is the greatest common divisor of 257273070 and 170?
170
Calculate the greatest common divisor of 40 and 910795.
5
What is the highest common divisor of 46397 and 374413?
1079
What is the highest common factor of 200866 and 1072?
134
What is the greatest common divisor of 256 and 7434384?
16
What is the highest common divisor of 220 and 5049715?
55
Calculate the greatest common factor of 2502 and 20711.
139
Calculate the highest common factor of 9518017 and 603151.
14711
What is the highest common factor of 50215 and 1452085?
415
Calculate the highest common divisor of 3192 and 3531768.
24
Calculate the highest common divisor of 318514890 and 680.
170
Calculate the greatest common factor of 3675 and 518763.
147
Calculate the highest common divisor of 13062126 and 56.
14
What is the highest common divisor of 56588 and 6636?
28
Calculate the highest common factor of 2091 and 48050196.
123
Calculate the highest common divisor of 3445144 and 962.
74
What is the highest common factor of 99042 and 87244350?
5826
Calculate the highest common factor of 2581 and 18223373.
89
What is the greatest common divisor of 58756 and 13468?
148
Calculate the greatest common factor of 7767675 and 1235.
95
Calculate the highest common divisor of 470 and 600084908.
94
What is the highest common divisor of 363 and 2689753?
11
What is the greatest common factor of 1468957735 and 203?
203
What is the greatest common factor of 370784 and 11672?
8
Calculate the highest common divisor of 8873728 and 3536.
272
What is the greatest common factor of 406459 and 1076?
269
What is the greatest common factor of 980136 and 744?
24
What is the greatest common factor of 29335036 and 4484?
236
What is the greatest common divisor of 15 and 5512035?
15
What is the greatest common divisor of 1809 and 925614?
27
What is the greatest common divisor of 2476256 and 2896?
16
What is the highest common factor of 963246190 and 30?
10
Calculate the greatest common divisor of 753408 and 388912.
1744
Calculate the greatest common divisor of 12798 and 3578858.
158
Calculate the greatest common factor of 94694013 and 45.
9
What is the greatest common factor of 4301 and 282842362?
4301
What is the highest common factor of 21 and 19239249?
3
Calculate the highest common factor of 3956337 and 5929.
847
Calculate the greatest common factor of 55291742 and 9394.
1342
What is the highest common divisor of 39168 and 246120?
24
Calculate the highest common divisor of 19506762 and 396.
198
Calculate the greatest common divisor of 9985953 and 28016.
1751
Calculate the highest common divisor of 3191378 and 1126646.
4714
Calculate the greatest common divisor of 316274 and 275848.
2378
What is the greatest common factor of 246090 and 435?
15
Calculate the greatest common divisor of 10505348 and 25420.
164
What is the greatest common divisor of 173763 and 486?
9
Calculate the highest common divisor of 7635 an